{"id":4353,"date":"2018-10-04T10:25:56","date_gmt":"2018-10-04T10:25:56","guid":{"rendered":"https:\/\/www.aeim.org\/?post_type=tribe_events&#038;p=4353"},"modified":"2018-10-04T13:48:23","modified_gmt":"2018-10-04T13:48:23","slug":"convencion-anual-2018-pavimentos-de-madera-organizado-por-la-fepm","status":"publish","type":"tribe_events","link":"https:\/\/www.aeim.org\/index.php\/actividad\/convencion-anual-2018-pavimentos-de-madera-organizado-por-la-fepm\/","title":{"rendered":"Convenci\u00f3n anual 2018. Pavimentos de madera. Organizado por la FEPM."},"content":{"rendered":"<p>La Federaci\u00f3n Espa\u00f1ola de Pavimentos de Madera, FEPM, organiza una nueva edici\u00f3n de su Convenci\u00f3n Anual, unida a la celebraci\u00f3n de su 25 Aniversario, que tendr\u00e1 lugar en Tarragona del 4 al 5 de octubre de 2018.<\/p>\n<p>La Convenci\u00f3n Anual de FEPM es un encuentro nacional para los profesionales relacionados con el gremio de pavimentos de madera y afines, donde tambi\u00e9n se conmemorar\u00e1\u00a0el 40 Aniversario de\u00a0<strong><a href=\"https:\/\/acipcat.com\/\">L\u2019Associaci\u00f3 Catalana d\u2019Industrials del Parquet, ACIP<\/a><\/strong>, miembro de FEPM.<\/p>\n<p>Durante la convenci\u00f3n, se llevar\u00e1n a cabo conferencias y debates que aborden temas de actualidad, enfocados a la profesionalizaci\u00f3n del gremio, asuntos t\u00e9cnicos y novedades relacionadas.<\/p>\n<p>As\u00ed mismo, se ofrecer\u00e1n momentos de encuentro y ocio que fomenten el intercambio de experiencias y la creaci\u00f3n de nuevas relaciones entre profesionales.<\/p>\n<p>En anteriores ediciones ha sido promocionada la revista de la Federaci\u00f3n como motivo principal del evento; para 2018, se ha decidido pasar a llamarla \u201canuario\u201d y dotarle de un formato m\u00e1s moderno y de mayor extensi\u00f3n.<\/p>\n<p><a href=\"http:\/\/www.fepm.es\/cms\/files\/FEPM_AC2018_Catalogo_General.pdf\">Acceso al cat\u00e1logo general de la Convencion. (PDF)<\/a><\/p>\n<p>&nbsp;<\/p>\n","protected":false},"excerpt":{"rendered":"<p>La Federaci\u00f3n Espa\u00f1ola de Pavimentos de Madera, FEPM, organiza una  [&#8230;]<\/p>\n","protected":false},"author":3,"featured_media":4357,"template":"","meta":{"_tribe_events_status":"","_tribe_events_status_reason":"","footnotes":""},"tags":[163,162],"tribe_events_cat":[65],"class_list":["post-4353","tribe_events","type-tribe_events","status-publish","has-post-thumbnail","hentry","tag-federacion-espanola-de-pavimentos-de-madera","tag-fepm","tribe_events_cat-destacado","cat_destacado"],"_links":{"self":[{"href":"https:\/\/www.aeim.org\/index.php\/wp-json\/wp\/v2\/tribe_events\/4353","targetHints":{"allow":["GET"]}}],"collection":[{"href":"https:\/\/www.aeim.org\/index.php\/wp-json\/wp\/v2\/tribe_events"}],"about":[{"href":"https:\/\/www.aeim.org\/index.php\/wp-json\/wp\/v2\/types\/tribe_events"}],"author":[{"embeddable":true,"href":"https:\/\/www.aeim.org\/index.php\/wp-json\/wp\/v2\/users\/3"}],"version-history":[{"count":2,"href":"https:\/\/www.aeim.org\/index.php\/wp-json\/wp\/v2\/tribe_events\/4353\/revisions"}],"predecessor-version":[{"id":4356,"href":"https:\/\/www.aeim.org\/index.php\/wp-json\/wp\/v2\/tribe_events\/4353\/revisions\/4356"}],"wp:featuredmedia":[{"embeddable":true,"href":"https:\/\/www.aeim.org\/index.php\/wp-json\/wp\/v2\/media\/4357"}],"wp:attachment":[{"href":"https:\/\/www.aeim.org\/index.php\/wp-json\/wp\/v2\/media?parent=4353"}],"wp:term":[{"taxonomy":"post_tag","embeddable":true,"href":"https:\/\/www.aeim.org\/index.php\/wp-json\/wp\/v2\/tags?post=4353"},{"taxonomy":"tribe_events_cat","embeddable":true,"href":"https:\/\/www.aeim.org\/index.php\/wp-json\/wp\/v2\/tribe_events_cat?post=4353"}],"curies":[{"name":"wp","href":"https:\/\/api.w.org\/{rel}","templated":true}]}}

Convención anual 2018. Pavimentos de madera. Organizado por la FEPM.

<p>La Federación Española de Pavimentos de Madera, FEPM, organiza una nueva edición de su Convención Anual, unida a la celebración de su 25 Aniversario, que tendrá lugar en Tarragona del 4 al 5 de octubre de 2018.</p>
<p>La Convención Anual de FEPM es un encuentro nacional para los profesionales relacionados con el gremio de pavimentos de madera y afines, donde también se conmemorará el 40 Aniversario de <strong><a href="https://acipcat.com/">L’Associació Catalana d’Industrials del Parquet, ACIP</a></strong>, miembro de FEPM.</p>
<p>Durante la convención, se llevarán a cabo conferencias y debates que aborden temas de actualidad, enfocados a la profesionalización del gremio, asuntos técnicos y novedades relacionadas.</p>
<p>Así mismo, se ofrecerán momentos de encuentro y ocio que fomenten el intercambio de experiencias y la creación de nuevas relaciones entre profesionales.</p>
<p>En anteriores ediciones ha sido promocionada la revista de la Federación como motivo principal del evento; para 2018, se ha decidido pasar a llamarla “anuario” y dotarle de un formato más moderno y de mayor extensión.</p>
<p><a href="http://www.fepm.es/cms/files/FEPM_AC2018_Catalogo_General.pdf">Acceso al catálogo general de la Convencion. (PDF)</a></p>
<p>&nbsp;</p>

<p>La Federación Española de Pavimentos de Madera, FEPM, organiza una  [&#8230;]</p>
