{"id":14893,"date":"2026-04-06T08:15:45","date_gmt":"2026-04-06T08:15:45","guid":{"rendered":"https:\/\/www.aeim.org\/?post_type=tribe_events&#038;p=14893"},"modified":"2026-04-22T07:03:02","modified_gmt":"2026-04-22T07:03:02","slug":"carrefour-du-bois-2026","status":"publish","type":"tribe_events","link":"https:\/\/www.aeim.org\/index.php\/actividad\/carrefour-du-bois-2026\/","title":{"rendered":"CARREFOUR DU BOIS 2026. Nantes. 2 al 4 de junio."},"content":{"rendered":"<h5 class=\"fusion-responsive-typography-calculated\" data-fontsize=\"20\" data-lineheight=\"28px\">El sal\u00f3n CARREFOUR DU BOIS\u00a0 es la feria l\u00edder del sector maderero en Europa.<\/h5>\n<p>En el coraz\u00f3n de los mercados de la madera, vuelve la pr\u00f3xima edici\u00f3n del\u00a0<strong>Carrefour International du Bois<\/strong>, que se celebrar\u00e1 los d\u00edas\u00a0<strong>2, 3 y 4 de junio de 2026 en Nantes<\/strong>. Acoger\u00e1 a m\u00e1s de 600 expositores procedentes de 40 pa\u00edses.<\/p>\n<p>Una cita\u00a0<strong>100 % madera, 100 % negocio<\/strong>, en la que el sal\u00f3n re\u00fane la mayor oferta de productos de madera de Europa: madera aserrada, tableros, suelos de parquet, revestimientos, soluciones constructivas en madera\u2026 \u00a1Todos los profesionales del sector estar\u00e1n presentes!<\/p>\n<p>Reserve ya las fechas en su agenda y s\u00edganos en<a href=\"https:\/\/www.facebook.com\/carrefourdubois\/\">\u00a0<strong>Facebook<\/strong><\/a><strong>,\u00a0<\/strong><a href=\"https:\/\/www.linkedin.com\/showcase\/carrefourinternationaldubois\/\"><strong>LinkedIn<\/strong><\/a><strong>\u00a0e<\/strong><a href=\"https:\/\/www.instagram.com\/carrefourdubois\/\"><strong>\u00a0Instagram<\/strong><\/a>\u00a0para mantenerte informado de todas las novedades hasta junio de 2026.<br \/>\n<strong>#cib2026 \u2013\u00a0<\/strong><a href=\"http:\/\/www.timbershow.com\/\"><strong>www.timbershow.com<\/strong><\/a><\/p>\n<p>Tras el impulso positivo y la renovada confianza en la madera constatados en la \u00faltima edici\u00f3n, el\u00a0<strong>evento de referencia del sector forestal-madera<\/strong>\u00a0regresa a Nantes los d\u00edas\u00a0<strong>2, 3 y 4 de junio de 2026<\/strong>.<\/p>\n<p>La comercializaci\u00f3n de los stands ya ha finalizado. El inter\u00e9s de los expositores por esta feria bienal ha sido, una vez m\u00e1s, inmediato. Ser\u00e1n numerosos los profesionales que le recibir\u00e1n en el\u00a0<strong>Parc des Expositions<\/strong>\u00a0durante tres d\u00edas dedicados al intercambio y a los negocios.<\/p>\n<p>Con el objetivo de reforzar la claridad de la oferta y mejorar la experiencia de los visitantes, la edici\u00f3n 2026 se organizar\u00e1, al igual que en 2024, por\u00a0<strong>grandes sectores<\/strong>, distribuidos en\u00a0<strong>5 pabellones de exposici\u00f3n<\/strong>:<\/p>\n<ul>\n<li>Pabellones 1 y 2 \/\u00a0<strong>Acondicionamiento<\/strong><\/li>\n<li>Pabell\u00f3n XXL \/\u00a0<strong>Aserrado, Bosque y Comercio de la Madera<\/strong><\/li>\n<li>Grand Palais \/\u00a0<strong>Construcci\u00f3n<\/strong><\/li>\n<li>Entresuelo \/\u00a0<strong>Servicios<\/strong><\/li>\n<\/ul>\n<p>Cita\u00a0<strong>100 % madera, 100 % negocio<\/strong>, el sal\u00f3n re\u00fane la mayor oferta de productos de madera de Europa, representada por\u00a0<strong>m\u00e1s de 600 expositores<\/strong>: madera aserrada, tableros, parquets, revestimientos, soluciones constructivas en madera, madera para el acondicionamiento interior y exterior, etc.<\/p>\n<p>Distribuidores, industriales, carpinteros, arquitectos, prescriptores, promotores, proyectistas, dise\u00f1adores, profesionales forestales y artesanos\u2026\u00a0<strong>sus socios profesionales estar\u00e1n en el Carrefour International du Bois<\/strong>.<\/p>\n<p>Anote ya las fechas en su agenda y s\u00edganos en\u00a0<a href=\"https:\/\/www.facebook.com\/carrefourdubois\/\"><strong>Facebook<\/strong><\/a><strong>,\u00a0<\/strong><a href=\"https:\/\/www.linkedin.com\/showcase\/carrefourinternationaldubois\/\"><strong>LinkedIn<\/strong><\/a><strong>\u00a0o\u00a0<\/strong><a href=\"https:\/\/www.instagram.com\/carrefourdubois\/\"><strong>Instagram<\/strong><\/a>\u00a0para estar al d\u00eda de las novedades del sal\u00f3n, los expositores, las innovaciones y el programa, que se ir\u00e1 dando a conocer progresivamente hasta junio de 2026.<br \/>\n<strong>#cib2026 \u2013\u00a0<\/strong><a href=\"http:\/\/www.timbershow.com\/\"><strong>www.timbershow.com<\/strong><\/a><\/p>\n<p>Los pases ya se pueden obtener gratuitamente en el siguiente enlace:<\/p>\n<p><a href=\"https:\/\/carrefourdubois.mybadgeonline.com\/Pro-Login\"><img decoding=\"async\" class=\"lazyload alignleft wp-image-15609 size-full\" src=\"data:image\/svg+xml,%3Csvg%20xmlns%3D%27http%3A%2F%2Fwww.w3.org%2F2000%2Fsvg%27%20width%3D%27150%27%20height%3D%27100%27%20viewBox%3D%270%200%20150%20100%27%3E%3Crect%20width%3D%27150%27%20height%3D%27100%27%20fill-opacity%3D%220%22%2F%3E%3C%2Fsvg%3E\" data-orig-src=\"https:\/\/www.aeim.org\/wp-content\/uploads\/2026\/04\/Bannieres-CIB26-PE-150x100-ES-002.jpg\" alt=\"\" width=\"150\" height=\"100\" \/><\/a><\/p>\n<p>&nbsp;<\/p>\n","protected":false},"excerpt":{"rendered":"<p>El sal\u00f3n CARREFOUR DU BOIS\u00a0 es la feria l\u00edder del  [&#8230;]<\/p>\n","protected":false},"author":3,"featured_media":15631,"template":"","meta":{"_tribe_events_status":"","_tribe_events_status_reason":"","footnotes":""},"tags":[39,136,345],"tribe_events_cat":[65],"class_list":["post-14893","tribe_events","type-tribe_events","status-publish","has-post-thumbnail","hentry","tag-aeim","tag-carrefour-du-bois","tag-nantes","tribe_events_cat-destacado","cat_destacado"],"_links":{"self":[{"href":"https:\/\/www.aeim.org\/index.php\/wp-json\/wp\/v2\/tribe_events\/14893","targetHints":{"allow":["GET"]}}],"collection":[{"href":"https:\/\/www.aeim.org\/index.php\/wp-json\/wp\/v2\/tribe_events"}],"about":[{"href":"https:\/\/www.aeim.org\/index.php\/wp-json\/wp\/v2\/types\/tribe_events"}],"author":[{"embeddable":true,"href":"https:\/\/www.aeim.org\/index.php\/wp-json\/wp\/v2\/users\/3"}],"version-history":[{"count":10,"href":"https:\/\/www.aeim.org\/index.php\/wp-json\/wp\/v2\/tribe_events\/14893\/revisions"}],"predecessor-version":[{"id":15630,"href":"https:\/\/www.aeim.org\/index.php\/wp-json\/wp\/v2\/tribe_events\/14893\/revisions\/15630"}],"wp:featuredmedia":[{"embeddable":true,"href":"https:\/\/www.aeim.org\/index.php\/wp-json\/wp\/v2\/media\/15631"}],"wp:attachment":[{"href":"https:\/\/www.aeim.org\/index.php\/wp-json\/wp\/v2\/media?parent=14893"}],"wp:term":[{"taxonomy":"post_tag","embeddable":true,"href":"https:\/\/www.aeim.org\/index.php\/wp-json\/wp\/v2\/tags?post=14893"},{"taxonomy":"tribe_events_cat","embeddable":true,"href":"https:\/\/www.aeim.org\/index.php\/wp-json\/wp\/v2\/tribe_events_cat?post=14893"}],"curies":[{"name":"wp","href":"https:\/\/api.w.org\/{rel}","templated":true}]}}

<h5 class="fusion-responsive-typography-calculated" data-fontsize="20" data-lineheight="28px">El salón CARREFOUR DU BOIS  es la feria líder del sector maderero en Europa.</h5>
<p>En el corazón de los mercados de la madera, vuelve la próxima edición del <strong>Carrefour International du Bois</strong>, que se celebrará los días <strong>2, 3 y 4 de junio de 2026 en Nantes</strong>. Acogerá a más de 600 expositores procedentes de 40 países.</p>
<p>Una cita <strong>100 % madera, 100 % negocio</strong>, en la que el salón reúne la mayor oferta de productos de madera de Europa: madera aserrada, tableros, suelos de parquet, revestimientos, soluciones constructivas en madera… ¡Todos los profesionales del sector estarán presentes!</p>
<p>Reserve ya las fechas en su agenda y síganos en<a href="https://www.facebook.com/carrefourdubois/"> <strong>Facebook</strong></a><strong>, </strong><a href="https://www.linkedin.com/showcase/carrefourinternationaldubois/"><strong>LinkedIn</strong></a><strong> e</strong><a href="https://www.instagram.com/carrefourdubois/"><strong> Instagram</strong></a> para mantenerte informado de todas las novedades hasta junio de 2026.<br />
<strong>#cib2026 – </strong><a href="http://www.timbershow.com/"><strong>www.timbershow.com</strong></a></p>
<p>Tras el impulso positivo y la renovada confianza en la madera constatados en la última edición, el <strong>evento de referencia del sector forestal-madera</strong> regresa a Nantes los días <strong>2, 3 y 4 de junio de 2026</strong>.</p>
<p>La comercialización de los stands ya ha finalizado. El interés de los expositores por esta feria bienal ha sido, una vez más, inmediato. Serán numerosos los profesionales que le recibirán en el <strong>Parc des Expositions</strong> durante tres días dedicados al intercambio y a los negocios.</p>
<p>Con el objetivo de reforzar la claridad de la oferta y mejorar la experiencia de los visitantes, la edición 2026 se organizará, al igual que en 2024, por <strong>grandes sectores</strong>, distribuidos en <strong>5 pabellones de exposición</strong>:</p>
<ul>
<li>Pabellones 1 y 2 / <strong>Acondicionamiento</strong></li>
<li>Pabellón XXL / <strong>Aserrado, Bosque y Comercio de la Madera</strong></li>
<li>Grand Palais / <strong>Construcción</strong></li>
<li>Entresuelo / <strong>Servicios</strong></li>
</ul>
<p>Cita <strong>100 % madera, 100 % negocio</strong>, el salón reúne la mayor oferta de productos de madera de Europa, representada por <strong>más de 600 expositores</strong>: madera aserrada, tableros, parquets, revestimientos, soluciones constructivas en madera, madera para el acondicionamiento interior y exterior, etc.</p>
<p>Distribuidores, industriales, carpinteros, arquitectos, prescriptores, promotores, proyectistas, diseñadores, profesionales forestales y artesanos… <strong>sus socios profesionales estarán en el Carrefour International du Bois</strong>.</p>
<p>Anote ya las fechas en su agenda y síganos en <a href="https://www.facebook.com/carrefourdubois/"><strong>Facebook</strong></a><strong>, </strong><a href="https://www.linkedin.com/showcase/carrefourinternationaldubois/"><strong>LinkedIn</strong></a><strong> o </strong><a href="https://www.instagram.com/carrefourdubois/"><strong>Instagram</strong></a> para estar al día de las novedades del salón, los expositores, las innovaciones y el programa, que se irá dando a conocer progresivamente hasta junio de 2026.<br />
<strong>#cib2026 – </strong><a href="http://www.timbershow.com/"><strong>www.timbershow.com</strong></a></p>
<p>Los pases ya se pueden obtener gratuitamente en el siguiente enlace:</p>
<p><a href="https://carrefourdubois.mybadgeonline.com/Pro-Login"><img decoding="async" class="lazyload alignleft wp-image-15609 size-full" src="data:image/svg+xml,%3Csvg%20xmlns%3D%27http%3A%2F%2Fwww.w3.org%2F2000%2Fsvg%27%20width%3D%27150%27%20height%3D%27100%27%20viewBox%3D%270%200%20150%20100%27%3E%3Crect%20width%3D%27150%27%20height%3D%27100%27%20fill-opacity%3D%220%22%2F%3E%3C%2Fsvg%3E" data-orig-src="https://www.aeim.org/wp-content/uploads/2026/04/Bannieres-CIB26-PE-150x100-ES-002.jpg" alt="" width="150" height="100" /></a></p>
<p>&nbsp;</p>

<p>El salón CARREFOUR DU BOIS  es la feria líder del  [&#8230;]</p>
