{"id":8718,"date":"2021-11-24T15:52:56","date_gmt":"2021-11-24T15:52:56","guid":{"rendered":"https:\/\/www.aeim.org\/?page_id=8718"},"modified":"2024-08-12T10:22:21","modified_gmt":"2024-08-12T10:22:21","slug":"grupo-operativo-identificacion-de-maderas-e-inteligencia-artificial-imai","status":"publish","type":"page","link":"https:\/\/www.aeim.org\/index.php\/grupo-operativo-identificacion-de-maderas-e-inteligencia-artificial-imai\/","title":{"rendered":"Grupo Operativo Identificaci\u00f3n de maderas e inteligencia artificial (IMAI)"},"content":{"rendered":"<div class=\"fusion-fullwidth fullwidth-box fusion-builder-row-1 fusion-flex-container hundred-percent-fullwidth non-hundred-percent-height-scrolling\" style=\"--awb-border-radius-top-left:0px;--awb-border-radius-top-right:0px;--awb-border-radius-bottom-right:0px;--awb-border-radius-bottom-left:0px;--awb-overflow:visible;--awb-flex-wrap:wrap;\" ><div class=\"fusion-builder-row fusion-row fusion-flex-align-items-flex-start fusion-flex-content-wrap\" style=\"width:104% !important;max-width:104% !important;margin-left: calc(-4% \/ 2 );margin-right: calc(-4% \/ 2 );\"><div class=\"fusion-layout-column fusion_builder_column fusion-builder-column-0 fusion_builder_column_3_4 3_4 fusion-flex-column\" style=\"--awb-bg-size:cover;--awb-width-large:75%;--awb-margin-top-large:16px;--awb-spacing-right-large:3.84%;--awb-margin-bottom-large:0px;--awb-spacing-left-large:2.56%;--awb-width-medium:75%;--awb-spacing-right-medium:3.84%;--awb-spacing-left-medium:2.56%;--awb-width-small:100%;--awb-spacing-right-small:1.92%;--awb-spacing-left-small:1.92%;\"><div class=\"fusion-column-wrapper fusion-flex-justify-content-flex-start fusion-content-layout-column\"><div class=\"fusion-text fusion-text-1\"><h2 class=\"destacadoTitulo03\">GO IMAI est\u00e1 formado por la UPM (ETSI Montes, Forestal y Medio Natural), UGR (Instituto Andaluz Interuniversitario en Ciencia de Datos e Inteligencia Computacional y AEIM (Asociaci\u00f3n Espa\u00f1ola del Comercio e Industria de la Madera)<\/h2>\n<\/div><div class=\"fusion-text fusion-text-2\"><p>El Grupo Operativo Identificaci\u00f3n de maderas e inteligencia artificial (IMAI) , es responsable del contenido publicado en esta noticia.<\/p>\n<\/div><div class=\"fusion-text fusion-text-3\"><p><div class=\"fusion-button-wrapper fusion-alignleft\"><a class=\"fusion-button button-flat fusion-button-default-size button-default fusion-button-default button-1 fusion-button-default-span fusion-button-default-type\" target=\"_blank\" rel=\"noopener noreferrer\" href=\"https:\/\/www.aeim.org\/documentos\/go-IMAI-dossier-revisadov2.pdf\"><span class=\"fusion-button-icon-divider button-icon-divider-left\"><i class=\" fa fa-download awb-button__icon awb-button__icon--default\" aria-hidden=\"true\"><\/i><\/span><span class=\"fusion-button-text awb-button__text awb-button__text--default fusion-button-text-left\">Dossier PDF<\/span><\/a><\/div><div class=\"fusion-separator fusion-full-width-sep\" style=\"align-self: center;margin-left: auto;margin-right: auto;margin-top:15px;margin-bottom:15px;width:100%;\"><\/div>\n<div class=\"fusion-button-wrapper fusion-alignleft\"><a class=\"fusion-button button-flat button-medium button-default fusion-button-default button-2 fusion-button-default-span fusion-button-default-type\" target=\"_blank\" rel=\"noopener noreferrer\" href=\"https:\/\/goimai.es\"><span class=\"fusion-button-icon-divider button-icon-divider-left\"><i class=\" fa fa-laptop awb-button__icon awb-button__icon--default\" aria-hidden=\"true\"><\/i><\/span><span class=\"fusion-button-text awb-button__text awb-button__text--default fusion-button-text-left\">Web: goimai.es<\/span><\/a><\/div><div class=\"fusion-separator fusion-full-width-sep\" style=\"align-self: center;margin-left: auto;margin-right: auto;margin-top:15px;margin-bottom:15px;width:100%;\"><\/div><\/p>\n<\/div><\/div><\/div><div class=\"fusion-layout-column fusion_builder_column fusion-builder-column-1 fusion_builder_column_1_4 1_4 fusion-flex-column\" style=\"--awb-bg-size:cover;--awb-width-large:25%;--awb-margin-top-large:16px;--awb-spacing-right-large:7.68%;--awb-margin-bottom-large:16px;--awb-spacing-left-large:3.84%;--awb-width-medium:25%;--awb-spacing-right-medium:7.68%;--awb-spacing-left-medium:3.84%;--awb-width-small:100%;--awb-spacing-right-small:1.92%;--awb-spacing-left-small:1.92%;\"><div class=\"fusion-column-wrapper fusion-flex-justify-content-flex-start fusion-content-layout-column\"><div class=\"fusion-text fusion-text-4\"><p><img decoding=\"async\" class=\"lazyload alignnone wp-image-8727\" src=\"https:\/\/www.aeim.org\/wp-content\/uploads\/2021\/11\/banner-go-madera-web.png\" data-orig-src=\"https:\/\/www.aeim.org\/wp-content\/uploads\/2021\/11\/banner-go-madera-web.png\" width=\"200\" height=\"171\" srcset=\"data:image\/svg+xml,%3Csvg%20xmlns%3D%27http%3A%2F%2Fwww.w3.org%2F2000%2Fsvg%27%20width%3D%27200%27%20height%3D%27171%27%20viewBox%3D%270%200%20200%20171%27%3E%3Crect%20width%3D%27200%27%20height%3D%27171%27%20fill-opacity%3D%220%22%2F%3E%3C%2Fsvg%3E\" data-srcset=\"https:\/\/www.aeim.org\/wp-content\/uploads\/2021\/11\/banner-go-madera-web-200x171.png 200w, https:\/\/www.aeim.org\/wp-content\/uploads\/2021\/11\/banner-go-madera-web.png 218w\" data-sizes=\"auto\" data-orig-sizes=\"(max-width: 200px) 100vw, 200px\" \/><\/p>\n<\/div><\/div><\/div><div class=\"fusion-layout-column fusion_builder_column fusion-builder-column-2 fusion_builder_column_3_4 3_4 fusion-flex-column\" style=\"--awb-bg-size:cover;--awb-width-large:75%;--awb-margin-top-large:16px;--awb-spacing-right-large:2.56%;--awb-margin-bottom-large:16px;--awb-spacing-left-large:2.56%;--awb-width-medium:75%;--awb-spacing-right-medium:2.56%;--awb-spacing-left-medium:2.56%;--awb-width-small:100%;--awb-spacing-right-small:1.92%;--awb-spacing-left-small:1.92%;\"><div class=\"fusion-column-wrapper fusion-flex-justify-content-flex-start fusion-content-layout-column\"><div class=\"fusion-text fusion-text-5\"><p>La Direcci\u00f3n General de Desarrollo Rural, Innovaci\u00f3n y Formaci\u00f3n Agroalimentaria (DGDRIFA) es la autoridad de gesti\u00f3n encargada de la aplicaci\u00f3n de la ayuda FEADER y nacional correspondiente.<\/p>\n<p><strong>Entidad financiadora:<\/strong> Ministerio de Agricultura, Pesca y Alimentaci\u00f3n y el Fondo Europeo Agr\u00edcola de Desarrollo Rural (FEADER).<\/p>\n<p><strong>Plazo de ejecuci\u00f3n:<\/strong> 2020-2023.<\/p>\n<p>Enlace a la web de la Comisi\u00f3n Europea: Agricultura y Desarrollo Rural &#8211; <a href=\"https:\/\/agriculture.ec.europa.eu\/common-agricultural-policy\/rural-development_es\" target=\"_blank\" rel=\"noopener\">https:\/\/agriculture.ec.europa.eu\/common-agricultural-policy\/rural-development_es<\/a><\/p>\n<div id=\"gtx-trans\" style=\"position: absolute; left: 602px; top: 230px;\"><\/div>\n<\/div><\/div><\/div><div class=\"fusion-layout-column fusion_builder_column fusion-builder-column-3 fusion_builder_column_1_1 1_1 fusion-flex-column fusion-flex-align-self-flex-start fusion-column-no-min-height\" style=\"--awb-bg-size:cover;--awb-width-large:100%;--awb-margin-top-large:0px;--awb-spacing-right-large:1.92%;--awb-margin-bottom-large:0px;--awb-spacing-left-large:1.92%;--awb-width-medium:100%;--awb-spacing-right-medium:1.92%;--awb-spacing-left-medium:1.92%;--awb-width-small:100%;--awb-spacing-right-small:1.92%;--awb-spacing-left-small:1.92%;\"><div class=\"fusion-column-wrapper fusion-flex-justify-content-flex-start fusion-content-layout-column\"><div class=\"fusion-text fusion-text-6\"><p><img decoding=\"async\" class=\"lazyload alignnone wp-image-8719 size-full\" src=\"https:\/\/www.aeim.org\/wp-content\/uploads\/2021\/11\/GO-IMAI-logos-proyectos.png\" data-orig-src=\"https:\/\/www.aeim.org\/wp-content\/uploads\/2021\/11\/GO-IMAI-logos-proyectos.png\" alt=\"GO-IMAI-logos-proyectos\" width=\"665\" height=\"187\" srcset=\"data:image\/svg+xml,%3Csvg%20xmlns%3D%27http%3A%2F%2Fwww.w3.org%2F2000%2Fsvg%27%20width%3D%27665%27%20height%3D%27187%27%20viewBox%3D%270%200%20665%20187%27%3E%3Crect%20width%3D%27665%27%20height%3D%27187%27%20fill-opacity%3D%220%22%2F%3E%3C%2Fsvg%3E\" data-srcset=\"https:\/\/www.aeim.org\/wp-content\/uploads\/2021\/11\/GO-IMAI-logos-proyectos-200x56.png 200w, https:\/\/www.aeim.org\/wp-content\/uploads\/2021\/11\/GO-IMAI-logos-proyectos-300x84.png 300w, https:\/\/www.aeim.org\/wp-content\/uploads\/2021\/11\/GO-IMAI-logos-proyectos-400x112.png 400w, https:\/\/www.aeim.org\/wp-content\/uploads\/2021\/11\/GO-IMAI-logos-proyectos-600x169.png 600w, https:\/\/www.aeim.org\/wp-content\/uploads\/2021\/11\/GO-IMAI-logos-proyectos.png 665w\" data-sizes=\"auto\" data-orig-sizes=\"(max-width: 665px) 100vw, 665px\" \/><\/p>\n<\/div><\/div><\/div><\/div><\/div>\n","protected":false},"excerpt":{"rendered":"","protected":false},"author":1,"featured_media":0,"parent":0,"menu_order":0,"comment_status":"closed","ping_status":"closed","template":"","meta":{"footnotes":""},"class_list":["post-8718","page","type-page","status-publish","hentry"],"_links":{"self":[{"href":"https:\/\/www.aeim.org\/index.php\/wp-json\/wp\/v2\/pages\/8718","targetHints":{"allow":["GET"]}}],"collection":[{"href":"https:\/\/www.aeim.org\/index.php\/wp-json\/wp\/v2\/pages"}],"about":[{"href":"https:\/\/www.aeim.org\/index.php\/wp-json\/wp\/v2\/types\/page"}],"author":[{"embeddable":true,"href":"https:\/\/www.aeim.org\/index.php\/wp-json\/wp\/v2\/users\/1"}],"replies":[{"embeddable":true,"href":"https:\/\/www.aeim.org\/index.php\/wp-json\/wp\/v2\/comments?post=8718"}],"version-history":[{"count":20,"href":"https:\/\/www.aeim.org\/index.php\/wp-json\/wp\/v2\/pages\/8718\/revisions"}],"predecessor-version":[{"id":13053,"href":"https:\/\/www.aeim.org\/index.php\/wp-json\/wp\/v2\/pages\/8718\/revisions\/13053"}],"wp:attachment":[{"href":"https:\/\/www.aeim.org\/index.php\/wp-json\/wp\/v2\/media?parent=8718"}],"curies":[{"name":"wp","href":"https:\/\/api.w.org\/{rel}","templated":true}]}}