{"id":191,"date":"2016-07-06T22:10:25","date_gmt":"2016-07-06T22:10:25","guid":{"rendered":"https:\/\/www.aeim.org\/?page_id=191"},"modified":"2024-08-12T10:22:24","modified_gmt":"2024-08-12T10:22:24","slug":"bienvenida-del-presidente","status":"publish","type":"page","link":"https:\/\/www.aeim.org\/index.php\/bienvenida-del-presidente\/","title":{"rendered":"Bienvenida del presidente"},"content":{"rendered":"<blockquote>\n<h2>Bienvenido\/a a la nueva P\u00e1gina Web de la Asociaci\u00f3n Espa\u00f1ola del Comercio e Industria de la Madera<\/h2>\n<p style=\"text-align: justify;\"><img decoding=\"async\" class=\"lazyload alignleft size-medium wp-image-2391\" src=\"https:\/\/www.aeim.org\/wp-content\/uploads\/2017\/06\/Presidente-AEIM-Carles-Alberch-300x200.jpg\" data-orig-src=\"https:\/\/www.aeim.org\/wp-content\/uploads\/2017\/06\/Presidente-AEIM-Carles-Alberch-300x200.jpg\" alt=\"Presidente-AEIM-Carles-Alberch\" width=\"300\" height=\"200\" srcset=\"data:image\/svg+xml,%3Csvg%20xmlns%3D%27http%3A%2F%2Fwww.w3.org%2F2000%2Fsvg%27%20width%3D%27300%27%20height%3D%27200%27%20viewBox%3D%270%200%20300%20200%27%3E%3Crect%20width%3D%27300%27%20height%3D%27200%27%20fill-opacity%3D%220%22%2F%3E%3C%2Fsvg%3E\" data-srcset=\"https:\/\/www.aeim.org\/wp-content\/uploads\/2017\/06\/Presidente-AEIM-Carles-Alberch-200x133.jpg 200w, https:\/\/www.aeim.org\/wp-content\/uploads\/2017\/06\/Presidente-AEIM-Carles-Alberch.jpg 300w\" data-sizes=\"auto\" data-orig-sizes=\"(max-width: 300px) 100vw, 300px\" \/>AEIM es una Asociaci\u00f3n de empresarios: distribuidores y fabricantes de productos de madera.<\/p>\n<p style=\"text-align: justify;\">Esta Web pretende dar una informaci\u00f3n b\u00e1sica sobre los usos y aplicaciones de una gran variedad de productos de madera que comercializan las empresas asociadas. No pretende proporcionar informaci\u00f3n t\u00e9cnica exhaustiva, que ya se encuentra en otras Webs y publicaciones, sino m\u00e1s bien difundir las grandes posibilidades que ofrece la madera, para construcci\u00f3n, decoraci\u00f3n y otros usos.<\/p>\n<p style=\"text-align: justify;\">Rese\u00f1ar tambi\u00e9n que en el acceso de maderas comerciales figura una informaci\u00f3n de gran inter\u00e9s sobre las principales especies que se comercializan en nuestro mercado.<\/p>\n<p style=\"text-align: justify;\">Adem\u00e1s,\u00a0 pretendemos divulgar las principales noticias del sector as\u00ed como informar sobre las actividades que organizamos.<\/p>\n<p style=\"text-align: justify;\">El tema ambiental es tambi\u00e9n de gran relevancia para nuestro sector ya que la madera ofrece unas prestaciones ecol\u00f3gicas \u00fanicas: es un producto natural y renovable y que precisa muy poca energ\u00eda para su transformaci\u00f3n. Adem\u00e1s act\u00faa como sumidero de C02.<\/p>\n<p style=\"text-align: justify;\">Tambi\u00e9n destacar que todos los asociados cumplen ya con el Reglamento Europeo de la Madera (EUTR) y a tal efecto han suscrito el Sistema de Diligencia Debida desarrollado por nuestra organizaci\u00f3n.<\/p>\n<p style=\"text-align: justify;\">Para m\u00e1s informaci\u00f3n al respecto pueden consultar el acceso a EUTR.<\/p>\n<p style=\"text-align: justify;\">Esperando que esta P\u00e1gina Web les proporcione informaci\u00f3n \u00fatil sobre productos de madera, en nombre de AEIM les transmito mi m\u00e1s afectuoso saludo.<\/p>\n<p><img decoding=\"async\" class=\"lazyload size-full wp-image-431 alignnone\" src=\"https:\/\/www.aeim.org\/wp-content\/uploads\/2016\/07\/firma-presidente.png\" data-orig-src=\"https:\/\/www.aeim.org\/wp-content\/uploads\/2016\/07\/firma-presidente.png\" alt=\"firma-presidente\" width=\"264\" height=\"76\" srcset=\"data:image\/svg+xml,%3Csvg%20xmlns%3D%27http%3A%2F%2Fwww.w3.org%2F2000%2Fsvg%27%20width%3D%27264%27%20height%3D%2776%27%20viewBox%3D%270%200%20264%2076%27%3E%3Crect%20width%3D%27264%27%20height%3D%2776%27%20fill-opacity%3D%220%22%2F%3E%3C%2Fsvg%3E\" data-srcset=\"https:\/\/www.aeim.org\/wp-content\/uploads\/2016\/07\/firma-presidente-200x58.png 200w, https:\/\/www.aeim.org\/wp-content\/uploads\/2016\/07\/firma-presidente.png 264w\" data-sizes=\"auto\" data-orig-sizes=\"(max-width: 264px) 100vw, 264px\" \/><\/p>\n<p style=\"text-align: left;\"><em>Carles Alberch<\/em><br \/>\nPresidente<\/p>\n<\/blockquote>\n","protected":false},"excerpt":{"rendered":"<p>Bienvenido\/a a la nueva P\u00e1gina Web de la Asociaci\u00f3n Espa\u00f1ola  [&#8230;]<\/p>\n","protected":false},"author":1,"featured_media":0,"parent":0,"menu_order":0,"comment_status":"closed","ping_status":"closed","template":"","meta":{"footnotes":""},"class_list":["post-191","page","type-page","status-publish","hentry"],"_links":{"self":[{"href":"https:\/\/www.aeim.org\/index.php\/wp-json\/wp\/v2\/pages\/191","targetHints":{"allow":["GET"]}}],"collection":[{"href":"https:\/\/www.aeim.org\/index.php\/wp-json\/wp\/v2\/pages"}],"about":[{"href":"https:\/\/www.aeim.org\/index.php\/wp-json\/wp\/v2\/types\/page"}],"author":[{"embeddable":true,"href":"https:\/\/www.aeim.org\/index.php\/wp-json\/wp\/v2\/users\/1"}],"replies":[{"embeddable":true,"href":"https:\/\/www.aeim.org\/index.php\/wp-json\/wp\/v2\/comments?post=191"}],"version-history":[{"count":15,"href":"https:\/\/www.aeim.org\/index.php\/wp-json\/wp\/v2\/pages\/191\/revisions"}],"predecessor-version":[{"id":2393,"href":"https:\/\/www.aeim.org\/index.php\/wp-json\/wp\/v2\/pages\/191\/revisions\/2393"}],"wp:attachment":[{"href":"https:\/\/www.aeim.org\/index.php\/wp-json\/wp\/v2\/media?parent=191"}],"curies":[{"name":"wp","href":"https:\/\/api.w.org\/{rel}","templated":true}]}}